{"id":605,"date":"2020-05-12T20:32:56","date_gmt":"2020-05-12T18:32:56","guid":{"rendered":"http:\/\/iqmc.eu\/?page_id=605"},"modified":"2020-05-13T10:54:14","modified_gmt":"2020-05-13T08:54:14","slug":"iq-blog","status":"publish","type":"page","link":"https:\/\/iqmc.eu\/index.php\/iq-blog\/","title":{"rendered":"iQ-Blog"},"content":{"rendered":"<p>[et_pb_section fb_built=&#8221;1&#8243; fullwidth=&#8221;on&#8221; admin_label=&#8221;Page Header&#8221; _builder_version=&#8221;3.22&#8243; background_image=&#8221;http:\/\/iqmc.eu\/wp-content\/uploads\/2020\/05\/business-12.jpg&#8221; parallax=&#8221;on&#8221; animation_direction=&#8221;top&#8221;][et_pb_fullwidth_header title=&#8221;iQ &#8211; Blog&#8221; text_orientation=&#8221;center&#8221; admin_label=&#8221;Hero Section&#8221; _builder_version=&#8221;3.16&#8243; title_font=&#8221;Montserrat|on|||&#8221; title_font_size=&#8221;60px&#8221; title_line_height=&#8221;1.4em&#8221; content_font_size=&#8221;22px&#8221; content_line_height=&#8221;1.8em&#8221; subhead_font=&#8221;||||&#8221; background_color=&#8221;rgba(255, 255, 255, 0)&#8221; use_background_color_gradient=&#8221;on&#8221; background_color_gradient_start=&#8221;rgba(58,52,226,0.93)&#8221; background_color_gradient_end=&#8221;rgba(73,108,220,0.7)&#8221; background_size=&#8221;initial&#8221; background_position=&#8221;top_left&#8221; background_repeat=&#8221;repeat&#8221; custom_button_one=&#8221;on&#8221; button_one_text_size=&#8221;16px&#8221; button_one_bg_color=&#8221;#6eba01&#8243; button_one_border_width=&#8221;2px&#8221; button_one_border_color=&#8221;#6eba01&#8243; button_one_border_radius=&#8221;0&#8243; button_one_letter_spacing=&#8221;2&#8243; button_one_font=&#8221;Montserrat|||on|&#8221; button_one_use_icon=&#8221;off&#8221; custom_button_two=&#8221;on&#8221; button_two_text_size=&#8221;16px&#8221; button_two_border_width=&#8221;2px&#8221; button_two_border_color=&#8221;#ffffff&#8221; button_two_border_radius=&#8221;0&#8243; button_two_letter_spacing=&#8221;2&#8243; button_two_font=&#8221;Montserrat|||on|&#8221; button_two_use_icon=&#8221;off&#8221; module_alignment=&#8221;left&#8221; animation_style=&#8221;fade&#8221; button_one_text_color_hover=&#8221;#6eba01&#8243; button_two_text_color_hover=&#8221;#6eba01&#8243; button_one_border_color_hover=&#8221;#ffffff&#8221; button_two_border_color_hover=&#8221;#ffffff&#8221; button_one_border_radius_hover=&#8221;0&#8243; button_two_border_radius_hover=&#8221;0&#8243; button_one_letter_spacing_hover=&#8221;2&#8243; button_two_letter_spacing_hover=&#8221;2&#8243; button_one_bg_color_hover=&#8221;#ffffff&#8221; button_two_bg_color_hover=&#8221;#ffffff&#8221; button_one_text_size__hover_enabled=&#8221;off&#8221; button_two_text_size__hover_enabled=&#8221;off&#8221; button_one_text_color__hover_enabled=&#8221;on&#8221; button_one_text_color__hover=&#8221;#6eba01&#8243; button_two_text_color__hover_enabled=&#8221;on&#8221; button_two_text_color__hover=&#8221;#6eba01&#8243; button_one_border_width__hover_enabled=&#8221;off&#8221; button_two_border_width__hover_enabled=&#8221;off&#8221; button_one_border_color__hover_enabled=&#8221;on&#8221; button_one_border_color__hover=&#8221;#ffffff&#8221; button_two_border_color__hover_enabled=&#8221;on&#8221; button_two_border_color__hover=&#8221;#ffffff&#8221; button_one_border_radius__hover_enabled=&#8221;on&#8221; button_one_border_radius__hover=&#8221;0&#8243; button_two_border_radius__hover_enabled=&#8221;on&#8221; button_two_border_radius__hover=&#8221;0&#8243; button_one_letter_spacing__hover_enabled=&#8221;on&#8221; button_one_letter_spacing__hover=&#8221;2&#8243; button_two_letter_spacing__hover_enabled=&#8221;on&#8221; button_two_letter_spacing__hover=&#8221;2&#8243; button_one_bg_color__hover_enabled=&#8221;on&#8221; button_one_bg_color__hover=&#8221;#ffffff&#8221; button_two_bg_color__hover_enabled=&#8221;on&#8221; button_two_bg_color__hover=&#8221;#ffffff&#8221;]<\/p>\n<p>&nbsp;<\/p>\n<p>Pragniemy podzieli\u0107 si\u0119 z Tob\u0105, naszymi przemy\u015bleniami, do\u015bwiadczeniami, nowo\u015bciami i innymi tre\u015bciami, kt\u00f3re s\u0105 wa\u017cne poniewa\u017c<\/p>\n<p>ZARZ\u0104DZANIE MA DAWA\u0106 RADO\u015a\u0106 i SATYSFAKCJ\u0118.<\/p>\n<p>Zapraszamy do lektury!<\/p>\n<p>[\/et_pb_fullwidth_header][\/et_pb_section][et_pb_section fb_built=&#8221;1&#8243; admin_label=&#8221;Blog&#8221; _builder_version=&#8221;3.22&#8243; background_color=&#8221;#f4f4f4&#8243;][\/et_pb_section][et_pb_section fb_built=&#8221;1&#8243; admin_label=&#8221;Footer&#8221; _builder_version=&#8221;3.22&#8243; background_image=&#8221;http:\/\/iqmc.eu\/wp-content\/uploads\/2020\/05\/business-01.jpg&#8221; parallax=&#8221;on&#8221; custom_padding=&#8221;90px||90px|&#8221; saved_tabs=&#8221;all&#8221;][et_pb_row column_structure=&#8221;1_4,3_4&#8243; _builder_version=&#8221;4.4.2&#8243; background_color=&#8221;rgba(16,31,237,0.63)&#8221;][et_pb_column type=&#8221;1_4&#8243; _builder_version=&#8221;4.4.2&#8243;][et_pb_image src=&#8221;http:\/\/iqmc.eu\/wp-content\/uploads\/2020\/05\/Kompas-Quality.jpg&#8221; _builder_version=&#8221;4.4.2&#8243; custom_margin=&#8221;34px|||16px|false|false&#8221;][\/et_pb_image][\/et_pb_column][et_pb_column type=&#8221;3_4&#8243; _builder_version=&#8221;4.4.2&#8243; background_color=&#8221;rgba(0,0,0,0)&#8221;][et_pb_text _builder_version=&#8221;4.4.2&#8243; text_text_color=&#8221;#ffffff&#8221; header_4_font=&#8221;|600|||||||&#8221; header_4_text_color=&#8221;#ffffff&#8221; header_4_font_size=&#8221;19px&#8221; header_5_font=&#8221;Duru Sans||||||||&#8221; header_5_font_size=&#8221;21px&#8221; hover_enabled=&#8221;0&#8243; header_4_text_shadow_style=&#8221;preset1&#8243; header_5_text_shadow_style=&#8221;preset1&#8243; link_option_url=&#8221;@ET-DC@eyJkeW5hbWljIjp0cnVlLCJjb250ZW50IjoicG9zdF9saW5rX3VybF9wYWdlIiwic2V0dGluZ3MiOnsicG9zdF9pZCI6IjYxOSJ9fQ==@&#8221; _dynamic_attributes=&#8221;link_option_url&#8221;]<\/p>\n<h4><\/h4>\n<h4>Zarz\u0105dzanie Jako\u015bci\u0105 &#8211; Kto\u015b je widzia\u0142? O czym rozmawiamy?<\/h4>\n<p>&nbsp;<\/p>\n<p>Dzi\u015b przeczyta\u0142em w jednym z wpis\u00f3w na #Linkedin wypowied\u017a &#8221; &#8230;.. Ja nie zajmuj\u0119 si\u0119 jako\u015bci\u0105 &#8230;..&#8221;. Zastanowi\u0142o mnie jak menad\u017cerowie poszczeg\u00f3lnych obszar\u00f3w w firmie u\u015bwiadamiaj\u0105 sobie swoj\u0105 rol\u0119 i sw\u00f3j wp\u0142yw na jako\u015b\u0107.<\/p>\n<p>Zadaj\u0119 wi\u0119c pytanie: Czym si\u0119 zajmujesz w firmie \/ organizacji i czy przypadkiem nie jest to JAKO\u015a\u0106?<\/p>\n<p>Autor: Leszek Sk\u00f3rniewicz\u00a0\u00a0\u00a0\u00a0\u00a0\u00a0\u00a0\u00a0\u00a0\u00a0\u00a0\u00a0\u00a0\u00a0\u00a0\u00a0\u00a0\u00a0\u00a0\u00a0\u00a0\u00a0\u00a0\u00a0\u00a0\u00a0\u00a0 2020-05-12<\/p>\n<p>[\/et_pb_text][\/et_pb_column][\/et_pb_row][\/et_pb_section]<\/p>\n","protected":false},"excerpt":{"rendered":"<p>&nbsp; Pragniemy podzieli\u0107 si\u0119 z Tob\u0105, naszymi przemy\u015bleniami, do\u015bwiadczeniami, nowo\u015bciami i innymi tre\u015bciami, kt\u00f3re s\u0105 wa\u017cne poniewa\u017c ZARZ\u0104DZANIE MA DAWA\u0106 RADO\u015a\u0106 i SATYSFAKCJ\u0118. Zapraszamy do lektury! Zarz\u0105dzanie Jako\u015bci\u0105 &#8211; Kto\u015b je widzia\u0142? O czym rozmawiamy? &nbsp; Dzi\u015b przeczyta\u0142em w jednym z wpis\u00f3w na #Linkedin wypowied\u017a &#8221; &#8230;.. Ja nie zajmuj\u0119 si\u0119 jako\u015bci\u0105 &#8230;..&#8221;. Zastanowi\u0142o mnie [&hellip;]<\/p>\n","protected":false},"author":3,"featured_media":0,"parent":0,"menu_order":0,"comment_status":"closed","ping_status":"closed","template":"","meta":{"_et_pb_use_builder":"on","_et_pb_old_content":"","_et_gb_content_width":"","footnotes":""},"_links":{"self":[{"href":"https:\/\/iqmc.eu\/index.php\/wp-json\/wp\/v2\/pages\/605"}],"collection":[{"href":"https:\/\/iqmc.eu\/index.php\/wp-json\/wp\/v2\/pages"}],"about":[{"href":"https:\/\/iqmc.eu\/index.php\/wp-json\/wp\/v2\/types\/page"}],"author":[{"embeddable":true,"href":"https:\/\/iqmc.eu\/index.php\/wp-json\/wp\/v2\/users\/3"}],"replies":[{"embeddable":true,"href":"https:\/\/iqmc.eu\/index.php\/wp-json\/wp\/v2\/comments?post=605"}],"version-history":[{"count":6,"href":"https:\/\/iqmc.eu\/index.php\/wp-json\/wp\/v2\/pages\/605\/revisions"}],"predecessor-version":[{"id":643,"href":"https:\/\/iqmc.eu\/index.php\/wp-json\/wp\/v2\/pages\/605\/revisions\/643"}],"wp:attachment":[{"href":"https:\/\/iqmc.eu\/index.php\/wp-json\/wp\/v2\/media?parent=605"}],"curies":[{"name":"wp","href":"https:\/\/api.w.org\/{rel}","templated":true}]}}